-156. Let w = -36 + z. List the prime factors of w.
2, 3, 7
Let v(m) = 0*m + m**2 - 7*m - 5 + 4*m. Let z(k) = 3*k**2 - 4*k + 3. Let q be z(2). List the prime factors of v(q).
23
Let l = 20 + -17. Suppose -2*k + 0*k + 12 = 4*m, 0 = -l*m - 3. What are the prime factors of k?
2
Let x = -508 - -1080. Suppose -5*i = x - 1897. Suppose -h = -6*h + i. List the prime factors of h.
53
Suppose -i - 284 = i - 2*j, 3*j - 146 = i. List the prime factors of (-2)/5*2*i/8.
2, 7
Suppose -1872 + 329 = -r + 2*v, v = -3*r + 4629. What are the prime factors of r?
1543
Let p be (-3)/(-12) - 10/8. Let h be (0 - (-1 - p))/(-2). Suppose h = -4*c + 4, 3*c + 53 = 4*v. List the prime factors of v.
2, 7
Suppose -26244 = 854*x - 863*x. What are the prime factors of x?
2, 3
Let t(d) = 7*d**2 - 5*d + 4. Let n be t(4). Let o = n + -68. List the prime factors of o.
2, 7
Suppose -3*k - 1037 = -3554. What are the prime factors of k?
839
Let v be (12/(-3))/4*22. Let i be v/14 + 8/14. What are the prime factors of i - -23 - 0 - 4?
2, 3
Let v = -146 - -307. Let b = -86 + v. List the prime factors of b.
3, 5
Let h(i) = -i + 2. Let g be ((-1)/4)/(2/(-16)). Let o be h(g). Suppose o = 3*s + 2*s - 135. What are the prime factors of s?
3
Let n(r) = 10*r + 210. List the prime factors of n(36).
2, 3, 5, 19
Suppose -2*c = 3*l - 17709, l + 3*c - 1327 - 4583 = 0. What are the prime factors of l?
3, 7, 281
Let f(z) = -4*z**2 + 6*z + 8. Let j be f(-2). Let r be (-1)/1 + -6 + 4. What are the prime factors of j*-4*r/(-10)?
2, 3
Let w be (-23)/(-2)*-12*-1. Suppose 69 = -3*n + 2*n. Let h = w + n. List the prime factors of h.
3, 23
Let t(w) = 12*w**2 + 2. Suppose 0 = -c - 11 + 3. Let r = 6 + c. List the prime factors of t(r).
2, 5
Let v(u) = 175*u**2 - 35*u + 3. List the prime factors of v(-3).
3, 11, 17
Suppose 10*t = -9*t + 9614. What are the prime factors of t?
2, 11, 23
Suppose -55 = -0*f - 5*f + 3*h, 44 = 4*f + h. Suppose t - f - 26 = 0. What are the prime factors of t?
37
Let n be (6/4)/(-2 - (-7)/2). List the prime factors of 76/n + 8/2.
2, 5
Let g(n) = 33*n + 1. Let p = 14 - 9. List the prime factors of g(p).
2, 83
Let g(z) = 11*z**2 - 2*z - 12. Let y(h) = 4*h**2 - h - 4. Suppose p - 6 = -p. Let f(x) = p*g(x) - 8*y(x). What are the prime factors of f(4)?
2, 5
Let d(w) = -w**2 + 82*w - 40. List the prime factors of d(26).
2, 3, 59
Suppose 0 = 29*c + 26*c - 149875. What are the prime factors of c?
5, 109
Let g = -97 - -102. Suppose h + g*f - 44 = 0, -3*h + 3*f = 5*f - 119. List the prime factors of h.
3, 13
Let h = -349 - -748. What are the prime factors of h?
3, 7, 19
Let i(r) be the third derivative of 3*r**4/8 - 13*r**3/6 + 34*r**2. What are the prime factors of i(8)?
59
Let a(i) = i**3 + i**2 + i. Let v(r) = 4*r**3 - 4*r**2 + 3. Let p(s) = 3*a(s) - v(s). List the prime factors of p(6).
3, 17
Let x(y) = y**2 - 27*y + 28. List the prime factors of x(26).
2
Let i be (2/6)/((-8)/2472). Let o = i + 162. List the prime factors of o.
59
Suppose 4*b = -3*n + 11903, 4*n - 26*b - 15878 = -24*b. List the prime factors of n.
3, 7
Let q(s) = s**2 - 3*s + 9. Suppose -22 = -l - 2*j, -3*l + 3*j + 94 = 2*j. Suppose 0 = 4*w + w - l. List the prime factors of q(w).
3
Let u be (3 + (-9)/(-2))*(-31 + 1). Let w = u - -397. What are the prime factors of w?
2, 43
Let h(q) = -q**2 + 9*q**2 + 12 - 4*q + 12*q**2. List the prime factors of h(-4).
2, 3, 29
Let a(v) = 108*v**2 - 7*v + 21. List the prime factors of a(3).
2, 3
Let b(h) = -h**3 + 8*h**2 + 9*h + 4. Let l be b(9). Let q = 4 + l. Suppose 4*t = k + 104, q*k - 155 = -5*t + 3*k. List the prime factors of t.
3
Let z(c) = -c**3 - c**2 + c + 5. Let j be z(0). Let x be (0 + -2 + j)*1. Let o(h) = 2*h**2 - 2*h - 6. What are the prime factors of o(x)?
2, 3
Let l be (-18)/6 + -8 + 1. Let d = 28 + l. Suppose 3*r = r + d. List the prime factors of r.
3
Let v(x) = -x**3 - 8*x**2 + 5*x + 6. Let d(o) = o**3 + o**2 + 1. Let u(b) = 2*d(b) + v(b). What are the prime factors of u(7)?
2, 23
Suppose 3*d - d = 6. Suppose -d*k = -k - 8. Suppose o = -j - j + 39, -k*j + 77 = o. What are the prime factors of j?
19
Let t = -768 + 1192. What are the prime factors of t?
2, 53
Let n be (2/(-4))/(18/216). Let y = -6 - n. Suppose -b = -y*b - 20. What are the prime factors of b?
2, 5
Let s(r) = 6*r**2 + 17*r + 66. What are the prime factors of s(-20)?
2, 1063
Let v = 368 - 194. Suppose b - v = -2*b. List the prime factors of b.
2, 29
Let w = -5 + 7. Suppose 180 = w*z - 14. List the prime factors of z.
97
Let f = -21 + 22. Let t be 32/(-24)*(-96)/f. Suppose -k + 41 = -i + 2*i, 3*i + 2*k = t. List the prime factors of i.
2, 23
Let v(w) = -w**2 - w - 1. Let g(k) = -8*k**2 - 7*k + 3. Let n(l) = -g(l) + 5*v(l). Suppose c + 7 = 2. What are the prime factors of n(c)?
3, 19
Suppose 4*x + 3*x + 21 = 0. List the prime factors of (-81)/x*(-1 - -10*1).
3
Suppose -2*d + 1937 = 3*c - 1836, -5*d + 4*c = -9375. List the prime factors of d.
1879
Let g be -4*(-3)/(-18)*3. Let n be (1/(-2))/(g/20). Suppose -n*a + 80 = -40. What are the prime factors of a?
2, 3
Let u = -84 + 3. Let c = u + 199. List the prime factors of c.
2, 59
Let f(p) = -15*p - 1. Let o be f(1). Let w = 382 - 332. Let x = w + o. List the prime factors of x.
2, 17
Suppose -9*n - 303 = -1041. List the prime factors of n.
2, 41
Let c be 444/21 + 4/(-28). Let o be 14/c + (-4)/6. Suppose -f = -2*x + 57, o*x - 2*f + 72 = 2*x. What are the prime factors of x?
31
Let y(b) = 229*b**3 + 6*b**2 + 15*b + 13. Let z(l) = 115*l**3 + 3*l**2 + 7*l + 6. Let j(x) = 6*y(x) - 13*z(x). What are the prime factors of j(-1)?
7, 17
Let b = 256 - 111. What are the prime factors of b?
5, 29
Let b(x) = 3*x**3 - x**2 + x - 1. Let g be b(1). Suppose 4*z = -g*z. Suppose 24*w - 19*w - 70 = z. List the prime factors of w.
2, 7
Suppose 5*x - 39 = -3*s, -s = -4*s + x + 21. What are the prime factors of (s/(-8))/(1/(-31))?
31
Suppose -2*x + s + 400 = 0, 5*x - 4*s - 1429 + 423 = 0. List the prime factors of x.
2, 3, 11
Let t(j) = -11*j + 17. Let q be t(-11). Let z = q - -10. List the prime factors of z.
2, 37
Suppose c = -4*a + 2084, -4529 = -3*c - 3*a + 1741. List the prime factors of c.
2, 523
Let c be (2 + 2)*(-3)/(-6). Suppose 0 = v + 2, 3*w - 2*v - 869 = -c*w. List the prime factors of w.
173
Let b = 6157 - 4363. What are the prime factors of b?
2, 3, 13, 23
Let u be (12/12)/(2/14). Let j be ((-4)/10)/(u/(-2030)). Let n = j + -62. What are the prime factors of n?
2, 3
Suppose f + 5094 + 7840 = 3*x, 0 = 2*x - f - 8624. List the prime factors of x.
2, 5, 431
Let b be (-1 + 32)/((-1)/(-7)). Suppose 0 = p + 5*r - 58, 2*p - b = -2*p - 5*r. What are the prime factors of p?
53
Suppose 264 = 3*z - 66. Let t = -66 + z. List the prime factors of t.
2, 11
Suppose 0 = -12*z - 4*z + 9984. What are the prime factors of z?
2, 3, 13
Let o(y) be the first derivative of 9/2*y**2 - 4*y - 1/3*y**3 + 5. List the prime factors of o(7).
2, 5
Let x be -1 + (1*23 - 0). Let y(h) = 78*h + 146. Let t be y(0). Suppose -t - x = -6*m. List the prime factors of m.
2, 7
Let p(o) = -8*o**3 - 7*o**2 - 8*o - 6. Let t(r) = -16*r**3 - 15*r**2 - 17*r - 13. Let c(j) = -13*p(j) + 6*t(j). What are the prime factors of c(2)?
2, 3
Suppose -3*a = 2*n - 4*n + 55, 0 = -2*n - 2*a + 80. List the prime factors of 10/n - ((-1230)/7 + 2).
2, 3, 29
Let f = -790 + 1672. What are the prime factors of f?
2, 3, 7
Suppose -28 + 7 = 3*s. Let g(w) = -16*w + 9. What are the prime factors of g(s)?
11
Suppose 5*n = 3*s + 1937 - 239, 5*n + 5*s = 1690. List the prime factors of n.
3, 113
Let c = 17 - 17. Suppose -2*o + 48 = -c*o. Let y = 39 - o. What are the prime factors of y?
3, 5
Let w be 23/(-115) - 11/(-5). What are the prime factors of 3/(-1) + w - -29?
2, 7
Let y be -3 + 21/6 + (-910)/(-20). Let r = 304 - y. What are the prime factors of r?
2, 3, 43
Suppose 4*i + 118 = 5*i. Suppose 11*c = 13*c - i. What are the prime factors of c?
59
Let j = 54 - -1524. Suppose 3*o = -5*i + 7*o + j, -1602 = -5*i - 4*o. List the prime factors of i.
2, 3, 53
What are the prime factors of (-20348)/(-18) - (-252)/(-567)?
2, 5, 113
Let p = 131 - 75. Suppose k - p = -22. Suppose -10 + k = w. List the prime factors of w.
2, 3
Let j(m) = 1387*m + 490. What are the prime factors of j(3)?
4651
Let w(q) = 18*q + 13. Let h(p) = -19*p - 14. Let n(s) = 3*h(